t + 1946. Let u(m) = -10 - y*m + 3906*m - 1955*m. Suppose 0 = -2*h - 3*f - 21, 3*f = -2*h - h - 30. Give u(h).
-1
Let n(w) be the third derivative of w**6/360 - 13*w**5/120 - 23*w**4/24 - 41*w**3/2 - 2*w**2 - 21. Let a(q) be the first derivative of n(q). Calculate a(14).
-9
Let l(p) = 54 - 43 + 61 - 103*p + 53*p + 49*p. Calculate l(20).
52
Let l(u) = -10*u**3 - u. Let o be l(1). Let d(k) = -260 - 250 + 1032 - 12*k - 257 - 267 - k**2. Determine d(o).
9
Let i(p) be the second derivative of -p**5/20 + 2*p**4/3 + 4*p**3/3 + 6*p**2 + 34*p. Let d be i(9). Let x(g) = g**3 - 4*g**2 + g + 5. What is x(d)?
-1
Let b(z) = 55*z**3 + 139*z**2 - 56*z**3 - z - 20 + 3*z - 6*z - 129*z**2. Calculate b(9).
25
Suppose 312 = 5*o + 6*x - 7*x, 0 = -4*o - 3*x + 242. Let g(t) = -70*t**2 - o*t**2 + 3 + 3*t + 131*t**2. What is g(6)?
-15
Let c(u) = -49*u**3 - 33 + 11*u**2 - 18*u + u**2 - 23*u**2 + 48*u**3. Give c(-9).
-33
Suppose 3*u - 1 = -7. Let o(i) be the first derivative of 21*i**2/2 - i + 107158. Give o(u).
-43
Let y(v) = 4*v**2 - v. Let n be y(1). Suppose 5*p - 10 = 0, -1295 = -6*a + 3*a + 5*p. Let h(l) = -218*l - 4 + a*l - 211*l. Calculate h(n).
14
Let j(z) = z**3 + 8*z**2 - 6*z + 17. Suppose q - d - 30 = 12, -5*q + 3*d + 202 = 0. Suppose q*i + 14*i = -468. What is j(i)?
-10
Let p be (7 - 4)*(1 - (-128)/6). Let y(q) = 2 + 7 + p*q - 9 - 72*q. What is y(1)?
-5
Let d = 6843 - 6841. Let x(a) be the third derivative of 0 + 0*a + 19*a**d + 1/24*a**4 - 5/6*a**3. Calculate x(6).
1
Let a(s) be the first derivative of s**3/3 + 4*s**2 + 3*s + 1. Let t = 170 - 120. Let j = t - 57. Determine a(j).
-4
Let c(k) be the second derivative of 17*k**3/6 - 47*k**2/2 - 14*k + 3. Let w be c(3). Let f(g) = -g**2 + 5*g. Determine f(w).
4
Let n(h) = 9*h**2 - 27*h. Let s(j) = 5*j**2 - 14*j. Let v(a) = 6*n(a) - 11*s(a). Let u be 16 - (1 + -1 + 23). Calculate v(u).
7
Suppose 14*s = -9 + 79. Let i(x) = -x**2 + 16*x - 58. Calculate i(s).
-3
Let i(t) be the first derivative of -2*t**2 - 55*t + 1647. Give i(-8).
-23
Let b(o) = o**2 + 8. Let a(u) = 2*u**2 + 17. Let z(d) = -4*a(d) + 9*b(d). Let h(n) = 748*n - 11223. Let c be h(15). What is z(c)?
13
Let b(l) = -67*l - 116. Let c(o) = 103*o + 175. Let j(m) = -8*b(m) - 5*c(m). What is j(-3)?
-10
Suppose q = -4*y - 2*q + 120, -4*y - q + 120 = 0. Let g(c) = -y + 17 + c - 3*c + 14 - 5*c. Suppose 5*x = -5*h, 2*x = -9*h + 4*h + 3. Determine g(x).
8
Suppose -2*b - 21 = -z + 2, -2*z + 2*b = -46. Suppose -z*f = -38*f - 180. Let v(y) = y**2 + 13*y + 11. Calculate v(f).
-1
Let j(p) = 12*p**2 - p - 2. Let s(r) = -61*r**2 + 11*r + 16. Let g(y) = 5*j(y) + s(y). Suppose 11 + 10 = 3*l. Calculate g(l).
-1
Let i(w) = w + 1. Let z(h) be the second derivative of -h**5/20 + h**4/12 - h**3/6 - 3*h**2/2 - 13*h + 2. Let n(p) = 3*i(p) + z(p). Determine n(-2).
8
Let m(l) = 2*l**3 - l**2 + l. Let n be m(1). Let q(p) = -17 + 4 + 16 + 2*p + n. Determine q(6).
17
Let b(j) = j**3 - 9*j**2 + 10*j + 30. Let u be b(7). Let w(x) be the second derivative of 1/6*x**4 + 0*x**u + 0 + 1/2*x**3 - 3*x. Calculate w(-2).
2
Let c = 974 - 971. Let l(z) = -z**3 + 6*z**2 - 3*z - 8. Calculate l(c).
10
Let w(k) = -7*k + 66. Let a(b) = -2*b**2 - 52*b - 166. Let c be a(-22). Calculate w(c).
-4
Let r(q) = 7*q + 2. Let z(o) = 2*o**2 - 35*o - 1. Let d be z(14). Let i be d/(-66)*4/(-3). What is r(i)?
-12
Let n = 12 + -13. Let m(i) = 9*i + 1. Let g be m(n). Let f(x) be the first derivative of x**4/4 + 7*x**3/3 - 5*x**2 - 11*x - 8. Determine f(g).
5
Let a(p) = 6*p + 143. Let h(k) = k + 26. Let t(d) = 2*a(d) - 11*h(d). Let y(n) = -8*n + 14. Let j be y(6). Let o = -42 - j. What is t(o)?
-8
Let g(q) = -q**2 + 5*q + 2. Let u(z) be the first derivative of 1/3*z**3 - 7*z - 2*z**2 + 3. Let v be u(6). Determine g(v).
2
Let s(n) be the first derivative of 6*n + 1/12*n**4 + 4*n**2 + 19 - 4/3*n**3. Let m(a) be the first derivative of s(a). Give m(6).
-4
Let f(p) be the second derivative of -p**4/3 + 35*p**3/6 - 10*p**2 + 82*p + 18. What is f(9)?
-29
Suppose -25*t = 300 - 850. Let u(o) = -23*o + t*o + o**2 - 2*o. Determine u(6).
18
Suppose -330 = 3*p - 348. Let u(r) = 14*r**3 + 5*r**2 - 12*r - 43. Let g(f) = 5*f**3 + 2*f**2 - 4*f - 15. Let y(i) = p*u(i) - 17*g(i). Give y(-2).
-3
Let p(w) be the second derivative of w**5/20 + w**4/12 + 2*w**2 + 7821*w. Give p(0).
4
Suppose 36*b = 25*b. Suppose b = 11*p - 0. Let i(c) = -c**3 + c - 6. What is i(p)?
-6
Let q = -88 - -83. Let j(r) be the third derivative of r**4/24 - 2*r**3/3 - 26*r**2. Determine j(q).
-9
Let x(l) = -3*l - 5. Let n(q) = 4*q + 4. Let d(f) = 2*n(f) + 3*x(f). Suppose 8*z = w + 9*z + 1, -2*w - 3*z = 3. Determine d(w).
-7
Let b(g) = g**2 - 9*g + 6. Let y = -76 + 113. Let q = y + 8. Suppose 0 = 2*h - 7*h + q. Determine b(h).
6
Let i(n) be the third derivative of -n**4/8 + 7*n**3/3 + 367*n**2 + 3*n. Give i(5).
-1
Let q(t) be the second derivative of -29*t**3/6 - 121*t**2/2 + t - 13. What is q(-4)?
-5
Suppose 4*b + 2*b - 12 = 0. Let v(u) = -8*u**3 + 5*u**b - 41*u + 5 + 39*u + 7*u**3. Let x be 1/(-2)*1*-10. Determine v(x).
-5
Let r(m) = m - 12. Let c be (-96)/(-7) - 2/(-7). Let o be 6*(-1305)/(-54) + -8*1. Suppose o + 17 = c*k. Give r(k).
-1
Let q(x) be the third derivative of -x**7/5040 - x**6/144 - x**5/20 - 73*x**3/6 - 73*x**2. Let w(f) be the third derivative of q(f). Determine w(11).
-16
Let q(x) = -3*x**2 - 64*x + 45. Let d(w) be the third derivative of -w**5/30 - 11*w**4/6 + 5*w**3 - w**2. Let y(c) = 7*d(c) - 5*q(c). Calculate y(-12).
-15
Let t be (-4)/(7/((-168)/32)). Let r(s) = t*s**2 - 6*s**2 - 5*s - s**3 - s**2 - 4*s**2 - 5 - 3*s. Suppose 2*z = 3*w + 25, 4*z + 4 = -2*w - z. Determine r(w).
2
Let p(w) = -w**2 - 3*w + 4. Let d(j) = -2*j**3 - 19*j**2 - 9*j + 3. Let c be d(-9). Suppose -m - 2*s + 4 = c*s, m + 16 = 5*s. Give p(m).
-14
Let x(u) = 2*u - 2. Suppose -41*d - 5*s = -42*d - 13, -3*d + 2*s = -13. Determine x(d).
12
Let k = -3262 + 3276. Let c(w) = 3*w - 3. Calculate c(k).
39
Let w(r) be the second derivative of r**3/6 + r**2/2 - r. Let g = 1408 - 1300. Suppose 0 = -126*m + g*m - 36. What is w(m)?
-1
Let m(p) = -19*p + 20. Let n(u) = -u**2 + 156*u - 610. Let f be n(4). What is m(f)?
58
Suppose 0 = -94*g + 83*g. Let s(q) = 1733*q - 1737*q - 6*q**2 + g*q**2 + 4 + q**3. Calculate s(6).
-20
Let n(q) = -4*q + 18. Let b(i) = -3*i + 13. Let f(c) = 7*b(c) - 6*n(c). Let m(r) = -4*r + 3. Let k be m(-1). Determine f(k).
4
Suppose -r = 2*r - 3. Let y(w) = 48*w**3 - 3*w**2 + 2*w. Let q be y(r). Let p(m) = 3 - 41*m + 2*m**2 + 0*m**2 + q*m - 3*m**2. Determine p(6).
3
Suppose 74*p - 41*p = -155*p + 2068. Let v(i) = -3*i**2 + 34*i - 9. Calculate v(p).
2
Suppose 41*a - 4*f + 44 = 44*a, 2 = -2*f. Let v(h) = 8*h - 2. Determine v(a).
126
Let w(y) = -4*y + 1. Let u(i) = i**2 - 8*i + 15. Let b be u(5). Let j be (6 - 3)/3*b. Suppose j = 2*n - 4. Calculate w(n).
-7
Let o(q) = -2*q + 5. Let l(v) = 1. Let r(u) = 2*l(u) - o(u). Let a be (-13 - -17) + (36/(-27) - (-51)/(-9)). Determine r(a).
-9
Let w(s) be the first derivative of -s**4/4 + 2*s**3 - 7*s**2/2 + 7*s + 16. Let v(g) = -g**2 - 8*g + 614. Let b be v(21). What is w(b)?
-3
Let r(f) be the third derivative of -f**4/24 + f**3/6 + 3*f**2. Suppose -6*z + 50 + 28 = 0. Suppose 60 = z*o + 34. What is r(o)?
-1
Let n be 12/1*(27/(-6))/(-9). Let q(l) = -l**3 + 11*l**2 + 29*l. Let i(k) = k**2 + 9*k. Let b(h) = -4*i(h) + q(h). Determine b(n).
-6
Let f(g) = 20*g**2 + 3*g**3 - 2 + 1 + 5*g - 21*g - 4 + 7*g. Let o be f(-7). Let n(q) = -q**3 + 9*q**2 + q - 8. Give n(o).
1
Suppose 3*s = -4*s + 14. Suppose s*o = -2*o + 272. Let q(a) = 35 - 2*a - a**3 + 37 + a**2 - o. Determine q(3).
-20
Let u(z) = 0*z + 3*z**2 - 72 - 14*z**3 + 0*z**2 + 11*z**3 + 4*z**3 - z. Determine u(0).
-72
Let m(n) be the third derivative of n**4/8 - n**3/2 + 9*n**2. Let b(w) = -7*w. Let c be b(0). Let j be 3 + 2/6*c. What is m(j)?
6
Let d(c) = -11*c**3 - 37*c**2 - 34*c + 50. Let h(a) = 2*a**3 + a**2 + a + 1. Let j(s) = -d(s) - 5*h(s). Let r be j(-31). Let l(o) = -o + 5. Calculate l(r).
-2
Let m be 3 - (-6 + -4) - 3. Let y(z) = 2*z**2 - 18*z - 31. Let v be y(m). Let b(s) = s + 14. Give b(v).
3
Suppose -398*n + 396*n = -276. Let r(w) = w**3 + 4*w - n + 70 - 5*w**2 + 65. What is r(3)?
-9
Let g(i) = -6*i - 61. Let w = 10040 - 10040. Give g(w).
-61
Let y(c) = 342 - 333 